{"id":631,"date":"2023-09-28T11:01:04","date_gmt":"2023-09-28T09:01:04","guid":{"rendered":"https:\/\/kita-meckenheim.com\/?page_id=631"},"modified":"2023-11-09T11:25:38","modified_gmt":"2023-11-09T10:25:38","slug":"partizipation","status":"publish","type":"page","link":"https:\/\/kita-meckenheim.com\/?page_id=631","title":{"rendered":"Partizipation"},"content":{"rendered":"\n<hr class=\"wp-block-separator has-css-opacity is-style-default\"\/>\n\n\n<div class=\"wp-block-image is-resized is-style-rounded\">\n<figure class=\"aligncenter size-large\"><img loading=\"lazy\" decoding=\"async\" width=\"1024\" height=\"768\" src=\"https:\/\/kita-meckenheim.com\/wp-content\/uploads\/2023\/09\/DSC00046-1024x768.jpg\" alt=\"\" class=\"wp-image-619\" style=\"width:339px;height:auto\" srcset=\"https:\/\/kita-meckenheim.com\/wp-content\/uploads\/2023\/09\/DSC00046-1024x768.jpg 1024w, https:\/\/kita-meckenheim.com\/wp-content\/uploads\/2023\/09\/DSC00046-300x225.jpg 300w, https:\/\/kita-meckenheim.com\/wp-content\/uploads\/2023\/09\/DSC00046-768x576.jpg 768w, https:\/\/kita-meckenheim.com\/wp-content\/uploads\/2023\/09\/DSC00046-1536x1152.jpg 1536w, https:\/\/kita-meckenheim.com\/wp-content\/uploads\/2023\/09\/DSC00046-2048x1536.jpg 2048w, https:\/\/kita-meckenheim.com\/wp-content\/uploads\/2023\/09\/DSC00046-1568x1176.jpg 1568w\" sizes=\"auto, (max-width: 1024px) 100vw, 1024px\" \/><\/figure>\n<\/div>\n\n\n<blockquote class=\"wp-block-quote has-text-align-center is-style-large is-layout-flow wp-block-quote-is-layout-flow\">\n<p>\u201eJedes Kind hat ein Recht mit seinen Bed\u00fcrfnissen &amp; Interessen ernst genommen zu werden.\u201c<\/p>\n<\/blockquote>\n\n\n\n<hr class=\"wp-block-separator has-css-opacity is-style-default\"\/>\n\n\n\n<div class=\"wp-block-columns is-layout-flex wp-container-core-columns-is-layout-9d6595d7 wp-block-columns-is-layout-flex\">\n<div class=\"wp-block-column is-layout-flow wp-block-column-is-layout-flow\">\n<p>F\u00fcr unsere Arbeit mit den Kindern ist die Partizipation ein wichtiger Grundstein. Deshalb ist es uns selbstverst\u00e4ndlich, dass die Kinder ihren Tagesablauf mitgestalten und ihre Meinungen und Ideen weitergeben k\u00f6nnen. Durch den t\u00e4glichen Morgenkreis und in regelm\u00e4\u00dfigen Kinderkonferenzen k\u00f6nnen sie ihre W\u00fcnsche und Anliegen mitteilen und tragen damit zu Entscheidungen bei. Hierdurch lernen sie im Dialog demokratische Verhaltensweisen kennen und einzu\u00fcben.<\/p>\n<\/div>\n<\/div>\n","protected":false},"excerpt":{"rendered":"<p>\u201eJedes Kind hat ein Recht mit seinen Bed\u00fcrfnissen &amp; Interessen ernst genommen zu werden.\u201c F\u00fcr unsere Arbeit mit den Kindern ist die Partizipation ein wichtiger Grundstein. Deshalb ist es uns selbstverst\u00e4ndlich, dass die Kinder ihren Tagesablauf mitgestalten und ihre Meinungen und Ideen weitergeben k\u00f6nnen. Durch den t\u00e4glichen Morgenkreis und in regelm\u00e4\u00dfigen Kinderkonferenzen k\u00f6nnen sie ihre&hellip; <a class=\"more-link\" href=\"https:\/\/kita-meckenheim.com\/?page_id=631\"><span class=\"screen-reader-text\">Partizipation<\/span> weiterlesen<\/a><\/p>\n","protected":false},"author":3,"featured_media":0,"parent":0,"menu_order":0,"comment_status":"closed","ping_status":"closed","template":"","meta":{"footnotes":""},"class_list":["post-631","page","type-page","status-publish","hentry","entry"],"_links":{"self":[{"href":"https:\/\/kita-meckenheim.com\/index.php?rest_route=\/wp\/v2\/pages\/631","targetHints":{"allow":["GET"]}}],"collection":[{"href":"https:\/\/kita-meckenheim.com\/index.php?rest_route=\/wp\/v2\/pages"}],"about":[{"href":"https:\/\/kita-meckenheim.com\/index.php?rest_route=\/wp\/v2\/types\/page"}],"author":[{"embeddable":true,"href":"https:\/\/kita-meckenheim.com\/index.php?rest_route=\/wp\/v2\/users\/3"}],"replies":[{"embeddable":true,"href":"https:\/\/kita-meckenheim.com\/index.php?rest_route=%2Fwp%2Fv2%2Fcomments&post=631"}],"version-history":[{"count":4,"href":"https:\/\/kita-meckenheim.com\/index.php?rest_route=\/wp\/v2\/pages\/631\/revisions"}],"predecessor-version":[{"id":654,"href":"https:\/\/kita-meckenheim.com\/index.php?rest_route=\/wp\/v2\/pages\/631\/revisions\/654"}],"wp:attachment":[{"href":"https:\/\/kita-meckenheim.com\/index.php?rest_route=%2Fwp%2Fv2%2Fmedia&parent=631"}],"curies":[{"name":"wp","href":"https:\/\/api.w.org\/{rel}","templated":true}]}}