{"id":63,"date":"2019-07-02T17:44:29","date_gmt":"2019-07-02T17:44:29","guid":{"rendered":"http:\/\/kita-meckenheim.com\/?page_id=63"},"modified":"2020-08-11T22:21:00","modified_gmt":"2020-08-11T20:21:00","slug":"unsere-praxis","status":"publish","type":"page","link":"https:\/\/kita-meckenheim.com\/?page_id=63","title":{"rendered":"Unsere Praxis"},"content":{"rendered":"\n<div class=\"wp-block-image\"><figure class=\"aligncenter size-large is-resized\"><img loading=\"lazy\" decoding=\"async\" src=\"https:\/\/kita-meckenheim.com\/wp-content\/uploads\/2020\/04\/P1040716-1024x768.jpg\" alt=\"\" class=\"wp-image-422\" width=\"390\" height=\"292\" srcset=\"https:\/\/kita-meckenheim.com\/wp-content\/uploads\/2020\/04\/P1040716-1024x768.jpg 1024w, https:\/\/kita-meckenheim.com\/wp-content\/uploads\/2020\/04\/P1040716-300x225.jpg 300w, https:\/\/kita-meckenheim.com\/wp-content\/uploads\/2020\/04\/P1040716-768x576.jpg 768w, https:\/\/kita-meckenheim.com\/wp-content\/uploads\/2020\/04\/P1040716-1536x1152.jpg 1536w, https:\/\/kita-meckenheim.com\/wp-content\/uploads\/2020\/04\/P1040716-2048x1536.jpg 2048w\" sizes=\"auto, (max-width: 390px) 100vw, 390px\" \/><\/figure><\/div>\n\n\n\n<ul class=\"wp-block-list\"><li>F\u00fcr einen guten Start in die Kindergartenzeit erm\u00f6glichen wir ihrem Kind und Ihnen eine individuelle Eingew\u00f6hnungszeit.<ul><li>Vor  dem 1. Kindergartentag ihres Kindes vereinbaren wir mit Ihnen einen  Termin f\u00fcr ein Aufnahmegespr\u00e4ch. Infos zur Eingew\u00f6hnungszeit,  Besonderheiten und Gewohnheiten des Kindes und ihre Fragen sind uns  dabei ein wichtiges Anliegen!<\/li><\/ul><\/li><li>Ihr Kind soll sich in unserer Einrichtung wohlf\u00fchlen. Von Anfang an achten wir deshalb auf eine gute Integration jedes Kindes.<ul><li>Ihr  Kind ist in guten H\u00e4nden ! Auch kleine Kinder f\u00fchlen sich in unserer  Einrichtung wohl. Wir begegnen den Kindern freundlich und offen. Jedes  neu hinzukommende Kind erh\u00e4lt einen eigenen Zeitraum zum Eingew\u00f6hnen,  eine feste Bezugsperson und eine zugeordnete Gruppe.<br> In der Gruppe findet das Kind Geborgenheit und Sicherheit.<\/li><\/ul><\/li><li>Wir interessieren uns f\u00fcr die W\u00fcnsche ihres Kindes. Was Kinder bewegt und besch\u00e4ftigt, greifen wir im Kindergartenalltag auf.<ul><li> Je  nach Alter und Interessen treffen sich die Kinder in der eigenen Gruppe  oder gruppen\u00fcbergreifend zu vielf\u00e4ltigen Angeboten bzw. Aktionen:                                         f\u00fcr die Vorschulkinder besteht der Maxi-Club und das Zahlenland, f\u00fcr j\u00fcngere Kinder gibt es das Entenland und f\u00fcr alle Kinder gibt es eine Tanzgruppe. Religionsp\u00e4dagogische Angebote bieten wir auch gerne gruppen\u00fcbergreifend an.<\/li><\/ul><\/li><li>Kinder  wissen was sie wollen. T\u00e4glich bieten wir ihnen deshalb M\u00f6glichkeiten  sich einzubringen und ihre Meinung und Ideen zu \u00e4u\u00dfern.<ul><li>Im  t\u00e4glichen Morgenkreis oder in der Kinderkonferenz lernen die Kinder zu  sagen, was sie m\u00f6chten, f\u00fchlen, meinen oder denken. Sie bestimmen so den  Tagesablauf mit.<\/li><\/ul><\/li><li>Ihr Kind und Sie, liebe Eltern,  sollen sich in unserer Einrichtung wohlf\u00fchlen. Eine gute und  vertrauensvolle Zusammenarbeit mit Ihnen ist deshalb eine wichtige  Grundlage.<ul><li>Sie und ihr Kind sind in unserer Kita herzlich  willkommen ! Wir freuen uns auf einen aktiven Austausch mit Ihnen. Ihre  Fragen, ihre Erwartungen sind uns ein wichtiges Anliegen.<\/li><\/ul><\/li><\/ul>\n\n\n\n<figure class=\"wp-block-gallery aligncenter columns-1 is-cropped wp-block-gallery-1 is-layout-flex wp-block-gallery-is-layout-flex\"><ul class=\"blocks-gallery-grid\"><li class=\"blocks-gallery-item\"><figure><img loading=\"lazy\" decoding=\"async\" width=\"1024\" height=\"768\" src=\"https:\/\/kita-meckenheim.com\/wp-content\/uploads\/2019\/07\/aktuelles7-1024x768.jpg\" alt=\"\" data-id=\"161\" class=\"wp-image-161\" srcset=\"https:\/\/kita-meckenheim.com\/wp-content\/uploads\/2019\/07\/aktuelles7-1024x768.jpg 1024w, https:\/\/kita-meckenheim.com\/wp-content\/uploads\/2019\/07\/aktuelles7-300x225.jpg 300w, https:\/\/kita-meckenheim.com\/wp-content\/uploads\/2019\/07\/aktuelles7-768x576.jpg 768w\" sizes=\"auto, (max-width: 1024px) 100vw, 1024px\" \/><\/figure><\/li><\/ul><\/figure>\n","protected":false},"excerpt":{"rendered":"<p>F\u00fcr einen guten Start in die Kindergartenzeit erm\u00f6glichen wir ihrem Kind und Ihnen eine individuelle Eingew\u00f6hnungszeit. Vor dem 1. Kindergartentag ihres Kindes vereinbaren wir mit Ihnen einen Termin f\u00fcr ein Aufnahmegespr\u00e4ch. Infos zur Eingew\u00f6hnungszeit, Besonderheiten und Gewohnheiten des Kindes und ihre Fragen sind uns dabei ein wichtiges Anliegen! Ihr Kind soll sich in unserer Einrichtung&hellip; <a class=\"more-link\" href=\"https:\/\/kita-meckenheim.com\/?page_id=63\"><span class=\"screen-reader-text\">Unsere Praxis<\/span> weiterlesen<\/a><\/p>\n","protected":false},"author":1,"featured_media":0,"parent":0,"menu_order":0,"comment_status":"closed","ping_status":"closed","template":"onecolumn-page.php","meta":{"footnotes":""},"class_list":["post-63","page","type-page","status-publish","hentry","entry"],"_links":{"self":[{"href":"https:\/\/kita-meckenheim.com\/index.php?rest_route=\/wp\/v2\/pages\/63","targetHints":{"allow":["GET"]}}],"collection":[{"href":"https:\/\/kita-meckenheim.com\/index.php?rest_route=\/wp\/v2\/pages"}],"about":[{"href":"https:\/\/kita-meckenheim.com\/index.php?rest_route=\/wp\/v2\/types\/page"}],"author":[{"embeddable":true,"href":"https:\/\/kita-meckenheim.com\/index.php?rest_route=\/wp\/v2\/users\/1"}],"replies":[{"embeddable":true,"href":"https:\/\/kita-meckenheim.com\/index.php?rest_route=%2Fwp%2Fv2%2Fcomments&post=63"}],"version-history":[{"count":5,"href":"https:\/\/kita-meckenheim.com\/index.php?rest_route=\/wp\/v2\/pages\/63\/revisions"}],"predecessor-version":[{"id":459,"href":"https:\/\/kita-meckenheim.com\/index.php?rest_route=\/wp\/v2\/pages\/63\/revisions\/459"}],"wp:attachment":[{"href":"https:\/\/kita-meckenheim.com\/index.php?rest_route=%2Fwp%2Fv2%2Fmedia&parent=63"}],"curies":[{"name":"wp","href":"https:\/\/api.w.org\/{rel}","templated":true}]}}

<div class="wp-block-image"><figure class="aligncenter size-large is-resized"><img loading="lazy" decoding="async" src="https://kita-meckenheim.com/wp-content/uploads/2020/04/P1040716-1024x768.jpg" alt="" class="wp-image-422" width="390" height="292" srcset="https://kita-meckenheim.com/wp-content/uploads/2020/04/P1040716-1024x768.jpg 1024w, https://kita-meckenheim.com/wp-content/uploads/2020/04/P1040716-300x225.jpg 300w, https://kita-meckenheim.com/wp-content/uploads/2020/04/P1040716-768x576.jpg 768w, https://kita-meckenheim.com/wp-content/uploads/2020/04/P1040716-1536x1152.jpg 1536w, https://kita-meckenheim.com/wp-content/uploads/2020/04/P1040716-2048x1536.jpg 2048w" sizes="auto, (max-width: 390px) 100vw, 390px" /></figure></div>



<ul class="wp-block-list"><li>Für einen guten Start in die Kindergartenzeit ermöglichen wir ihrem Kind und Ihnen eine individuelle Eingewöhnungszeit.<ul><li>Vor  dem 1. Kindergartentag ihres Kindes vereinbaren wir mit Ihnen einen  Termin für ein Aufnahmegespräch. Infos zur Eingewöhnungszeit,  Besonderheiten und Gewohnheiten des Kindes und ihre Fragen sind uns  dabei ein wichtiges Anliegen!</li></ul></li><li>Ihr Kind soll sich in unserer Einrichtung wohlfühlen. Von Anfang an achten wir deshalb auf eine gute Integration jedes Kindes.<ul><li>Ihr  Kind ist in guten Händen ! Auch kleine Kinder fühlen sich in unserer  Einrichtung wohl. Wir begegnen den Kindern freundlich und offen. Jedes  neu hinzukommende Kind erhält einen eigenen Zeitraum zum Eingewöhnen,  eine feste Bezugsperson und eine zugeordnete Gruppe.<br> In der Gruppe findet das Kind Geborgenheit und Sicherheit.</li></ul></li><li>Wir interessieren uns für die Wünsche ihres Kindes. Was Kinder bewegt und beschäftigt, greifen wir im Kindergartenalltag auf.<ul><li> Je  nach Alter und Interessen treffen sich die Kinder in der eigenen Gruppe  oder gruppenübergreifend zu vielfältigen Angeboten bzw. Aktionen:                                         für die Vorschulkinder besteht der Maxi-Club und das Zahlenland, für jüngere Kinder gibt es das Entenland und für alle Kinder gibt es eine Tanzgruppe. Religionspädagogische Angebote bieten wir auch gerne gruppenübergreifend an.</li></ul></li><li>Kinder  wissen was sie wollen. Täglich bieten wir ihnen deshalb Möglichkeiten  sich einzubringen und ihre Meinung und Ideen zu äußern.<ul><li>Im  täglichen Morgenkreis oder in der Kinderkonferenz lernen die Kinder zu  sagen, was sie möchten, fühlen, meinen oder denken. Sie bestimmen so den  Tagesablauf mit.</li></ul></li><li>Ihr Kind und Sie, liebe Eltern,  sollen sich in unserer Einrichtung wohlfühlen. Eine gute und  vertrauensvolle Zusammenarbeit mit Ihnen ist deshalb eine wichtige  Grundlage.<ul><li>Sie und ihr Kind sind in unserer Kita herzlich  willkommen ! Wir freuen uns auf einen aktiven Austausch mit Ihnen. Ihre  Fragen, ihre Erwartungen sind uns ein wichtiges Anliegen.</li></ul></li></ul>



<figure class="wp-block-gallery aligncenter columns-1 is-cropped wp-block-gallery-1 is-layout-flex wp-block-gallery-is-layout-flex"><ul class="blocks-gallery-grid"><li class="blocks-gallery-item"><figure><img loading="lazy" decoding="async" width="1024" height="768" src="https://kita-meckenheim.com/wp-content/uploads/2019/07/aktuelles7-1024x768.jpg" alt="" data-id="161" class="wp-image-161" srcset="https://kita-meckenheim.com/wp-content/uploads/2019/07/aktuelles7-1024x768.jpg 1024w, https://kita-meckenheim.com/wp-content/uploads/2019/07/aktuelles7-300x225.jpg 300w, https://kita-meckenheim.com/wp-content/uploads/2019/07/aktuelles7-768x576.jpg 768w" sizes="auto, (max-width: 1024px) 100vw, 1024px" /></figure></li></ul></figure>

<p>Für einen guten Start in die Kindergartenzeit ermöglichen wir ihrem Kind und Ihnen eine individuelle Eingewöhnungszeit. Vor dem 1. Kindergartentag ihres Kindes vereinbaren wir mit Ihnen einen Termin für ein Aufnahmegespräch. Infos zur Eingewöhnungszeit, Besonderheiten und Gewohnheiten des Kindes und ihre Fragen sind uns dabei ein wichtiges Anliegen! Ihr Kind soll sich in unserer Einrichtung&hellip; <a class="more-link" href="https://kita-meckenheim.com/?page_id=63"><span class="screen-reader-text">Unsere Praxis</span> weiterlesen</a></p>
