{"id":37,"date":"2019-07-02T17:37:03","date_gmt":"2019-07-02T17:37:03","guid":{"rendered":"http:\/\/kita-meckenheim.com\/?page_id=37"},"modified":"2023-06-13T22:40:29","modified_gmt":"2023-06-13T20:40:29","slug":"anmelden","status":"publish","type":"page","link":"https:\/\/kita-meckenheim.com\/?page_id=37","title":{"rendered":"Anmelden"},"content":{"rendered":"\n<figure class=\"wp-block-gallery has-nested-images columns-default is-cropped wp-block-gallery-1 is-layout-flex wp-block-gallery-is-layout-flex\">\n<figure class=\"wp-block-image size-large\"><img decoding=\"async\" data-id=\"176\" src=\"https:\/\/kita-meckenheim.com\/wp-content\/uploads\/2019\/07\/archeNoah-1024x636.jpg\" alt=\"\" class=\"wp-image-176\"\/><\/figure>\n<\/figure>\n\n\n\n<p class=\"has-text-align-center\"><strong>Haben Sie Interesse?<br> M\u00f6chten Sie einen Platz f\u00fcr ihr KIND?<\/strong><\/p>\n\n\n\n<p class=\"has-text-align-center\">Wir laden Sie herzlich zu einem Besuch in unserer Kindertagesst\u00e4tte ein!<\/p>\n\n\n\n<figure class=\"wp-block-gallery aligncenter has-nested-images columns-default is-cropped wp-block-gallery-2 is-layout-flex wp-block-gallery-is-layout-flex\"><\/figure>\n\n\n<p style=\"text-align: center;\"><span style=\"color: #ff0000;\">Bitte vereinbaren Sie einen Termin mit uns.<\/span><br data-rich-text-line-break=\"true\" \/><span style=\"color: #ff0000;\">Wir nehmen uns gerne Zeit f\u00fcr Sie!<\/span><\/p>\n<p style=\"text-align: center;\"><em>Tel.: 06326 \/ 5294 <br \/><\/em>E-mail: <a href=\"mailto:kita.meckenheim@bistum-speyer.de\">kita.meckenheim@bistum-speyer.de<\/a><\/p>\n\n\n<p><\/p>\n","protected":false},"excerpt":{"rendered":"<p>Haben Sie Interesse? M\u00f6chten Sie einen Platz f\u00fcr ihr KIND? Wir laden Sie herzlich zu einem Besuch in unserer Kindertagesst\u00e4tte ein! Bitte vereinbaren Sie einen Termin mit uns.Wir nehmen uns gerne Zeit f\u00fcr Sie! Tel.: 06326 \/ 5294 E-mail: kita.meckenheim@bistum-speyer.de<\/p>\n","protected":false},"author":1,"featured_media":0,"parent":0,"menu_order":0,"comment_status":"closed","ping_status":"closed","template":"onecolumn-page.php","meta":{"footnotes":""},"class_list":["post-37","page","type-page","status-publish","hentry","entry"],"_links":{"self":[{"href":"https:\/\/kita-meckenheim.com\/index.php?rest_route=\/wp\/v2\/pages\/37","targetHints":{"allow":["GET"]}}],"collection":[{"href":"https:\/\/kita-meckenheim.com\/index.php?rest_route=\/wp\/v2\/pages"}],"about":[{"href":"https:\/\/kita-meckenheim.com\/index.php?rest_route=\/wp\/v2\/types\/page"}],"author":[{"embeddable":true,"href":"https:\/\/kita-meckenheim.com\/index.php?rest_route=\/wp\/v2\/users\/1"}],"replies":[{"embeddable":true,"href":"https:\/\/kita-meckenheim.com\/index.php?rest_route=%2Fwp%2Fv2%2Fcomments&post=37"}],"version-history":[{"count":12,"href":"https:\/\/kita-meckenheim.com\/index.php?rest_route=\/wp\/v2\/pages\/37\/revisions"}],"predecessor-version":[{"id":597,"href":"https:\/\/kita-meckenheim.com\/index.php?rest_route=\/wp\/v2\/pages\/37\/revisions\/597"}],"wp:attachment":[{"href":"https:\/\/kita-meckenheim.com\/index.php?rest_route=%2Fwp%2Fv2%2Fmedia&parent=37"}],"curies":[{"name":"wp","href":"https:\/\/api.w.org\/{rel}","templated":true}]}}