{"id":14,"date":"2019-07-02T16:30:31","date_gmt":"2019-07-02T16:30:31","guid":{"rendered":"http:\/\/kita-meckenheim.com\/?page_id=14"},"modified":"2023-11-09T11:01:44","modified_gmt":"2023-11-09T10:01:44","slug":"unsere-kita","status":"publish","type":"page","link":"https:\/\/kita-meckenheim.com\/?page_id=14","title":{"rendered":"Unsere Kita"},"content":{"rendered":"\n<p>Wir leben in einer Gemeinschaft mit 72  Kindern. Unser Haus wurde 1993 mit einem gro\u00dfz\u00fcgigen und modernen Anbau  erweitert. Unsere R\u00e4umlichkeiten sind hell und freundlich.<br>Das gro\u00dfe und gr\u00fcnfl\u00e4chige Au\u00dfengel\u00e4nde ist f\u00fcr die W\u00fcnsche und  Bed\u00fcrfnisse der Kinder optimal gestaltet. Unsere Kinder haben viel Platz  zum Spielen und Bewegen !<\/p>\n\n\n\n<figure class=\"wp-block-gallery has-nested-images columns-default is-cropped wp-block-gallery-1 is-layout-flex wp-block-gallery-is-layout-flex\">\n<figure class=\"wp-block-image size-large\"><img loading=\"lazy\" decoding=\"async\" width=\"1024\" height=\"768\" data-id=\"285\" src=\"https:\/\/kita-meckenheim.com\/wp-content\/uploads\/2019\/07\/Kita-1024x768.jpg\" alt=\"\" class=\"wp-image-285\" srcset=\"https:\/\/kita-meckenheim.com\/wp-content\/uploads\/2019\/07\/Kita-1024x768.jpg 1024w, https:\/\/kita-meckenheim.com\/wp-content\/uploads\/2019\/07\/Kita-300x225.jpg 300w, https:\/\/kita-meckenheim.com\/wp-content\/uploads\/2019\/07\/Kita-768x576.jpg 768w\" sizes=\"auto, (max-width: 1024px) 100vw, 1024px\" \/><\/figure>\n<\/figure>\n\n\n\n<p>In unserem Haus gibt es <strong>3 Kindergruppen<\/strong> f\u00fcr insgesamt 72 Kinder:<\/p>\n\n\n\n<ul class=\"wp-block-list\">\n<li><strong>Delfingruppe:<\/strong> 24 Kinder von 2-6 Jahren<\/li>\n\n\n\n<li><strong>K\u00e4ngurugruppe:<\/strong> 24 Kinder von 2-6 Jahren<\/li>\n\n\n\n<li><strong>Pferdegruppe:<\/strong> 24 Kinder von 2-6 Jahren<\/li>\n<\/ul>\n\n\n\n<p>Wir bieten <\/p>\n\n\n\n<p><strong>45  9-Stunden-Pl\u00e4tze<\/strong> (mit warmen Mittagessen ) und <\/p>\n\n\n\n<p><strong>27  7-Stunden-Pl\u00e4tze<\/strong> (mit Mittagspause <strong>ohne <\/strong>Mittagessen)<\/p>\n","protected":false},"excerpt":{"rendered":"<p>Wir leben in einer Gemeinschaft mit 72 Kindern. Unser Haus wurde 1993 mit einem gro\u00dfz\u00fcgigen und modernen Anbau erweitert. Unsere R\u00e4umlichkeiten sind hell und freundlich.Das gro\u00dfe und gr\u00fcnfl\u00e4chige Au\u00dfengel\u00e4nde ist f\u00fcr die W\u00fcnsche und Bed\u00fcrfnisse der Kinder optimal gestaltet. Unsere Kinder haben viel Platz zum Spielen und Bewegen ! In unserem Haus gibt es 3&hellip; <a class=\"more-link\" href=\"https:\/\/kita-meckenheim.com\/?page_id=14\"><span class=\"screen-reader-text\">Unsere Kita<\/span> weiterlesen<\/a><\/p>\n","protected":false},"author":1,"featured_media":0,"parent":0,"menu_order":0,"comment_status":"closed","ping_status":"closed","template":"onecolumn-page.php","meta":{"footnotes":""},"class_list":["post-14","page","type-page","status-publish","hentry","entry"],"_links":{"self":[{"href":"https:\/\/kita-meckenheim.com\/index.php?rest_route=\/wp\/v2\/pages\/14","targetHints":{"allow":["GET"]}}],"collection":[{"href":"https:\/\/kita-meckenheim.com\/index.php?rest_route=\/wp\/v2\/pages"}],"about":[{"href":"https:\/\/kita-meckenheim.com\/index.php?rest_route=\/wp\/v2\/types\/page"}],"author":[{"embeddable":true,"href":"https:\/\/kita-meckenheim.com\/index.php?rest_route=\/wp\/v2\/users\/1"}],"replies":[{"embeddable":true,"href":"https:\/\/kita-meckenheim.com\/index.php?rest_route=%2Fwp%2Fv2%2Fcomments&post=14"}],"version-history":[{"count":9,"href":"https:\/\/kita-meckenheim.com\/index.php?rest_route=\/wp\/v2\/pages\/14\/revisions"}],"predecessor-version":[{"id":650,"href":"https:\/\/kita-meckenheim.com\/index.php?rest_route=\/wp\/v2\/pages\/14\/revisions\/650"}],"wp:attachment":[{"href":"https:\/\/kita-meckenheim.com\/index.php?rest_route=%2Fwp%2Fv2%2Fmedia&parent=14"}],"curies":[{"name":"wp","href":"https:\/\/api.w.org\/{rel}","templated":true}]}}

<p>Wir leben in einer Gemeinschaft mit 72  Kindern. Unser Haus wurde 1993 mit einem großzügigen und modernen Anbau  erweitert. Unsere Räumlichkeiten sind hell und freundlich.<br>Das große und grünflächige Außengelände ist für die Wünsche und  Bedürfnisse der Kinder optimal gestaltet. Unsere Kinder haben viel Platz  zum Spielen und Bewegen !</p>



<figure class="wp-block-gallery has-nested-images columns-default is-cropped wp-block-gallery-1 is-layout-flex wp-block-gallery-is-layout-flex">
<figure class="wp-block-image size-large"><img loading="lazy" decoding="async" width="1024" height="768" data-id="285" src="https://kita-meckenheim.com/wp-content/uploads/2019/07/Kita-1024x768.jpg" alt="" class="wp-image-285" srcset="https://kita-meckenheim.com/wp-content/uploads/2019/07/Kita-1024x768.jpg 1024w, https://kita-meckenheim.com/wp-content/uploads/2019/07/Kita-300x225.jpg 300w, https://kita-meckenheim.com/wp-content/uploads/2019/07/Kita-768x576.jpg 768w" sizes="auto, (max-width: 1024px) 100vw, 1024px" /></figure>
</figure>



<p>In unserem Haus gibt es <strong>3 Kindergruppen</strong> für insgesamt 72 Kinder:</p>



<ul class="wp-block-list">
<li><strong>Delfingruppe:</strong> 24 Kinder von 2-6 Jahren</li>



<li><strong>Kängurugruppe:</strong> 24 Kinder von 2-6 Jahren</li>



<li><strong>Pferdegruppe:</strong> 24 Kinder von 2-6 Jahren</li>
</ul>



<p>Wir bieten </p>



<p><strong>45  9-Stunden-Plätze</strong> (mit warmen Mittagessen ) und </p>



<p><strong>27  7-Stunden-Plätze</strong> (mit Mittagspause <strong>ohne </strong>Mittagessen)</p>

<p>Wir leben in einer Gemeinschaft mit 72 Kindern. Unser Haus wurde 1993 mit einem großzügigen und modernen Anbau erweitert. Unsere Räumlichkeiten sind hell und freundlich.Das große und grünflächige Außengelände ist für die Wünsche und Bedürfnisse der Kinder optimal gestaltet. Unsere Kinder haben viel Platz zum Spielen und Bewegen ! In unserem Haus gibt es 3&hellip; <a class="more-link" href="https://kita-meckenheim.com/?page_id=14"><span class="screen-reader-text">Unsere Kita</span> weiterlesen</a></p>
